ime factors of q?
83
Let g(b) = 4*b**3 - 5*b**2 - 29*b + 105. What are the prime factors of g(10)?
3, 5, 13, 17
Suppose 13*z - 8*z = 140. Let l = -6 + z. Suppose 0 = -18*f + l*f - 36. What are the prime factors of f?
3
Let v(p) = 1787*p**2 + 45*p + 7. List the prime factors of v(-2).
3, 5, 157
Let v(z) be the third derivative of 0 + 3/8*z**4 + 2*z**3 + 0*z - 7*z**2 + 1/20*z**5. What are the prime factors of v(-6)?
2, 3, 11
List the prime factors of (16920/329)/((-4)/(-518)).
2, 3, 5, 37
Let g(b) = 20*b**3 + 2*b**2 + 5*b - 16. Let x(d) = -41*d**3 - 4*d**2 - 11*d + 34. Let c(f) = -13*g(f) - 6*x(f). List the prime factors of c(-2).
2, 53
Let d(a) = 22*a**3 + a**2 - 5*a - 2. Let m be d(3). Suppose 2*b + m = 4*b. Suppose -3*c - 92 + b = 0. What are the prime factors of c?
67
Suppose -5*q - 29 = -4*x, 4*q + 9 = -5*x - 6. Let i be 3*(-4)/24*2*x. Let w = i + 29. What are the prime factors of w?
2, 7
Let u(b) = 13*b**2 - 507*b - 8. List the prime factors of u(43).
2, 557
Let o(x) = -4*x - 18. Let d be o(-7). Suppose d - 4 = 2*l. Suppose k + l*p = 111, -k + 115 = -0*k + 5*p. What are the prime factors of k?
3, 5, 7
Let m = 270 - 268. What are the prime factors of 9/(m - -1)*239?
3, 239
Let w = 177 - 66. Suppose 2*m + 4*f - 26 = 46, -4*f = m - 32. Let l = w + m. What are the prime factors of l?
151
Let i(t) be the third derivative of t**5/60 + t**4/6 - 16*t**3/3 + 50*t**2. What are the prime factors of i(-24)?
2, 7
Suppose 5*b - 3*k + 2601 = -k, 0 = -b - 2*k - 525. Let d = 551 - b. List the prime factors of d.
2, 67
Suppose 4*q = -4*l + 3*q, -3*l + 3*q = -15. Suppose -2*d + 3*d + l = 0. Let n = d + 40. What are the prime factors of n?
3, 13
Suppose -q - 6 = -3*a - 20, 10 = q - a. Let k = 25 - 23. Suppose -2*f + 3*s - q*s = -180, -4*f = -k*s - 384. What are the prime factors of f?
5, 19
Suppose -221452 = -33*l + 123530. List the prime factors of l.
2, 5227
Suppose -2*d = 39 - 225. Suppose -s + d = -66. Suppose 0 = -6*f + 489 + s. What are the prime factors of f?
2, 3
Let d be -4 - (24/4 - 3). What are the prime factors of 1 - ((-374 - d) + -1)?
3, 41
List the prime factors of 1429*((-16)/(-6))/(-8)*285/(-19).
5, 1429
List the prime factors of ((-16480)/420)/(7/(-672)) + (-12)/14.
2, 7, 269
Let w = 1025 - 1455. Let u = 838 + w. List the prime factors of u.
2, 3, 17
List the prime factors of 18272 + (6/21 - -3*(-280)/(-147)).
2, 13, 19, 37
Let y(b) be the third derivative of 113*b**4/24 - 51*b**3/2 + 5*b**2 - 3*b. What are the prime factors of y(11)?
2, 5, 109
Let n be (-20)/(-8)*72/30. Let g(c) = 4*c**3 - 2*c**2 - 11*c - 7. What are the prime factors of g(n)?
719
Suppose -341 + 43 = 5*s - 2*l, 3*s - 4*l + 176 = 0. Let c be (s/90)/(4/(-18)). Suppose -4*y + 254 = -3*t, y - 2*t = c*y - 120. List the prime factors of y.
2, 31
Let x(c) = 2*c**2 + 3*c - 1. Let f be x(1). Suppose v - 4 = k, 0 = f*v - 2*k + 3 - 15. Suppose -v*u - 118 = -580. List the prime factors of u.
3, 7, 11
Let o(g) = 3*g - 4. Let w be o(2). Let z be ((-52)/w)/((-146)/(-36) - 4). What are the prime factors of (17/34)/((-2)/z)?
3, 13
Let l(j) = -23*j**3 + 6*j**2 - 2*j - 9. Let t be l(-3). Suppose -t = g - 1615. What are the prime factors of g?
23, 41
Let y(u) = 41*u - 118. Let b(w) = -w. Let t(i) = -4*b(i) - y(i). List the prime factors of t(-14).
2, 3, 53
Let x be 1*15 + (-19)/(-19) + -3. Let m(n) = 101*n - 237. List the prime factors of m(x).
2, 269
Let f(w) = 6*w - 12. Let s be f(1). What are the prime factors of -4 + (-2)/s*(-8 - -857)?
3, 31
Let c(v) = 3*v**2 + 4*v + 21. Let u be c(-3). What are the prime factors of ((-472)/(-12))/(24/u)?
59
Let b = -659 - -292. Let n = 605 - b. List the prime factors of n.
2, 3
List the prime factors of ((-490)/28)/((-4)/2472) + 1.
2, 13
Let b(w) = 6*w**3 + 6*w**2 - 17*w - 11. Suppose -5 + 45 = 8*a. What are the prime factors of b(a)?
2, 3, 67
Let h = 466 - -669. Let g = -702 + h. List the prime factors of g.
433
Let l(s) = s**3 - 5*s**2 - 10*s + 19. Let a be l(6). List the prime factors of 5*(a + (-2335)/(-25)).
2, 13, 17
Suppose -3*f = -5*v + 428, -2*f = -4*f - 3*v - 279. Let u be 50*(-3*5/30 + 6). Let g = f + u. List the prime factors of g.
2, 67
Suppose -299*v + 7003571 + 6957935 = 0. List the prime factors of v.
2, 37, 631
Suppose -13*o = -3676 - 39991. What are the prime factors of o?
3359
What are the prime factors of (-72)/(-90) + 8270073/140 - (-4)/16?
3, 7, 29, 97
Suppose q = -23*q - 480. What are the prime factors of q/3*(14 - 50)?
2, 3, 5
Let f = 3759 - 697. Suppose 0 = 5*u + 3*i - 3041, 0 = 4*u + u - 4*i - f. What are the prime factors of u?
2, 5, 61
Suppose 4*l - j = 5982, 22*j + 7490 = 5*l + 27*j. Let v = l + -783. What are the prime factors of v?
23, 31
What are the prime factors of 2/(-4)*-9*12/(-18) + 74602?
7, 10657
Suppose 2 = 2*x - 12. Let j(n) = 9*n + 84. Let r be j(14). Suppose -r = x*m - 10*m. List the prime factors of m.
2, 5, 7
Let d(l) = 11*l**3 - 26*l**2 - 27*l - 49. List the prime factors of d(13).
19373
Suppose -102*v = -105*v + 5*y + 57407, 2*v - 38293 = -y. What are the prime factors of v?
2, 2393
Let p(c) = -1429*c + 351. What are the prime factors of p(-7)?
2, 31, 167
Suppose m + 10*w = 7*w - 159, 3*w = 2*m + 282. Let p = m - -197. What are the prime factors of p?
2, 5
Let f be (-212)/(-8) - 6/(-4). Suppose -24 = f*l - 25*l. What are the prime factors of (4 - l)/(-3) - -7?
3
Let h = -3104 + 5315. Let a = h + -1037. What are the prime factors of a?
2, 587
Suppose 0 = -32*h + 67*h - 951230. List the prime factors of h.
2, 107, 127
Let r = -22 - 0. Let c = -31 - r. What are the prime factors of (-162)/(-4)*(-6)/c?
3
List the prime factors of ((144672/(-28))/(-11))/((-6)/(-63)).
2, 3, 137
Let r(s) = -465*s**3 + 7*s**2 - 2*s. Let v(b) = 933*b**3 - 15*b**2 + 6*b. Let p(u) = 7*r(u) + 3*v(u). What are the prime factors of p(-1)?
2, 3, 19
Suppose 37*l - 11*l + 40*l = 58674. List the prime factors of l.
7, 127
Let v be (-1285)/(-30) - (-1)/6. Let z = v + -64. What are the prime factors of (-8 + -1)/(z/252)?
2, 3
Let p be (0*4/(-24))/4. Suppose p = 2*s - 3*g - 1812, 0 = -4*s + 2*g - 0*g + 3608. What are the prime factors of s?
2, 3, 5
Let s be (-5)/(-4) + (-14661)/(-108). Let g = 108 + s. What are the prime factors of g?
5, 7
Let a = -19 - -23. Suppose -a*p + 1775 = -113. Suppose -12*k + 16*k = p. List the prime factors of k.
2, 59
Let v(b) = 699*b + 699. What are the prime factors of v(15)?
2, 3, 233
Let c = -197 + 187. List the prime factors of 4/20 + (8078/c)/(-1).
2, 101
Let k(y) = 2*y**2 - 18*y - 23. Let n be k(10). Let b = 23 + n. List the prime factors of b.
2, 5
Let c(g) = 3*g**3 - 19*g**2 + 15*g + 7. Let v(y) = 8*y - 41. Suppose -9 - 3 = -2*h. Let i be v(h). List the prime factors of c(i).
2, 3, 5, 7
Let k(v) be the second derivative of 2*v**4/3 - 49*v**3/3 - 13*v**2 + 77*v. List the prime factors of k(21).
2, 19
Suppose 7*v - 7308 = -q + 2*v, -2*q = -5*v - 14571. What are the prime factors of q?
3, 11, 13, 17
Suppose -5*d + 54 = b, -b - 21*d + 19*d + 54 = 0. Suppose 0 = m + m. Suppose m = c - 42 - b. List the prime factors of c.
2, 3
Let v be 12 - 1*((-3 - 1) + 3). Let r = 278 - v. List the prime factors of r.
5, 53
Suppose -3*j = 4*l - 2*j + 2, 4*j = 8. What are the prime factors of 0 + -6 - (l + -286 - 4)?
3, 5, 19
List the prime factors of 22 + 12/(-1) - -8184.
2, 17, 241
Suppose -4239 + 108 = -h - 5*z, 0 = -5*h + 5*z + 20505. List the prime factors of h.
2, 2053
Let j = 86 - 76. Let f(z) = 2*z**2 - 6*z - 33. What are the prime factors of f(j)?
107
Let x(i) = -6*i**3 + 239*i**2 - 39*i + 9. List the prime factors of x(37).
21839
List the prime factors of 155316/252*(1 + 2).
43
Let o(i) = -i**3 + 15*i**2 - 2*i + 34. Let n be o(14). List the prime factors of (5 + -8 - 5)/((-4)/n).
2, 101
Let h be (-102)/(-14) + ((-99)/(-21) - 5). Suppose 2594 - 158 = h*r. List the prime factors of r.
2, 3, 29
Suppose -12*y - 7289 - 6703 = 0. Let q = 2067 + y. What are the prime factors of q?
17, 53
Suppose -4*p = 11*p - 4*p. Suppose -1058*u + 1061*u - 3747 = p. List the prime factors of u.
1249
Suppose 350*u - 356*u = -108. What are the prime factors of (1/(4/u))/(108/7560)?
3, 5, 7
Let g be (-3)/(-2) + (2415/2 - 2). Let q = g + -754. What are the prime factors of q?
3, 151
Let s(v) = 541*v + 7719. List the prime factors of s(61).
2,